{"id":33,"date":"2026-02-24T15:51:22","date_gmt":"2026-02-24T15:51:22","guid":{"rendered":"https:\/\/auralia-services.fr\/?page_id=33"},"modified":"2026-02-24T16:05:52","modified_gmt":"2026-02-24T16:05:52","slug":"questions-frequentes","status":"publish","type":"page","link":"https:\/\/auralia-services.fr\/index.php\/questions-frequentes\/","title":{"rendered":"Questions fr\u00e9quentes"},"content":{"rendered":"\n<h3 class=\"wp-block-heading\"><em>Le service est-il anonyme ?<\/em><\/h3>\n\n\n\n<p>Oui, aucun \u00e9change d\u2019informations personnelles n\u2019est demand\u00e9.<\/p>\n\n\n\n<h3 class=\"wp-block-heading\"><em>Y a-t-il des rencontres physiques ?<\/em><\/h3>\n\n\n\n<p>Non. Le service est exclusivement vocal.<\/p>\n\n\n\n<h3 class=\"wp-block-heading\"><em>Le tarif est-il annonc\u00e9 ?<\/em><\/h3>\n\n\n\n<p>Oui, le prix est communiqu\u00e9 avant toute mise en relation.<\/p>\n\n\n\n<h3 class=\"wp-block-heading\"><em>Faut-il s\u2019inscrire ?<\/em><\/h3>\n\n\n\n<p>Non, il suffit d\u2019appeler.<\/p>\n","protected":false},"excerpt":{"rendered":"<p>Le service est-il anonyme ? Oui, aucun \u00e9change d\u2019informations personnelles n\u2019est demand\u00e9. Y a-t-il des rencontres physiques ? Non. Le service est exclusivement vocal. Le tarif est-il annonc\u00e9 ? Oui, le prix est communiqu\u00e9 avant toute mise en relation. Faut-il s\u2019inscrire ? Non, il suffit d\u2019appeler.<\/p>\n","protected":false},"author":1,"featured_media":13,"parent":0,"menu_order":3,"comment_status":"closed","ping_status":"closed","template":"","meta":{"footnotes":""},"class_list":["post-33","page","type-page","status-publish","has-post-thumbnail","hentry"],"_links":{"self":[{"href":"https:\/\/auralia-services.fr\/index.php\/wp-json\/wp\/v2\/pages\/33","targetHints":{"allow":["GET"]}}],"collection":[{"href":"https:\/\/auralia-services.fr\/index.php\/wp-json\/wp\/v2\/pages"}],"about":[{"href":"https:\/\/auralia-services.fr\/index.php\/wp-json\/wp\/v2\/types\/page"}],"author":[{"embeddable":true,"href":"https:\/\/auralia-services.fr\/index.php\/wp-json\/wp\/v2\/users\/1"}],"replies":[{"embeddable":true,"href":"https:\/\/auralia-services.fr\/index.php\/wp-json\/wp\/v2\/comments?post=33"}],"version-history":[{"count":1,"href":"https:\/\/auralia-services.fr\/index.php\/wp-json\/wp\/v2\/pages\/33\/revisions"}],"predecessor-version":[{"id":34,"href":"https:\/\/auralia-services.fr\/index.php\/wp-json\/wp\/v2\/pages\/33\/revisions\/34"}],"wp:featuredmedia":[{"embeddable":true,"href":"https:\/\/auralia-services.fr\/index.php\/wp-json\/wp\/v2\/media\/13"}],"wp:attachment":[{"href":"https:\/\/auralia-services.fr\/index.php\/wp-json\/wp\/v2\/media?parent=33"}],"curies":[{"name":"wp","href":"https:\/\/api.w.org\/{rel}","templated":true}]}}