{"id":31,"date":"2026-02-24T15:48:53","date_gmt":"2026-02-24T15:48:53","guid":{"rendered":"https:\/\/auralia-services.fr\/?page_id=31"},"modified":"2026-03-04T22:00:50","modified_gmt":"2026-03-04T22:00:50","slug":"comment-fonctionne-le-service","status":"publish","type":"page","link":"https:\/\/auralia-services.fr\/index.php\/comment-fonctionne-le-service\/","title":{"rendered":"Comment fonctionne le service ?"},"content":{"rendered":"\n<h3 class=\"wp-block-heading\">Comment fonctionne la ligne confidentielle ?<\/h3>\n\n\n\n<ol class=\"wp-block-list\">\n<li>Vous appelez le num\u00e9ro affich\u00e9 sur le site.<\/li>\n\n\n\n<li>Le tarif de 0,80\u20ac TTC par minute vous est annonc\u00e9 avant la mise en relation.<\/li>\n\n\n\n<li>Vous \u00eates mis en relation avec une voix f\u00e9minine pour un \u00e9change exclusivement vocal.<\/li>\n\n\n\n<li>Aucun rendez-vous physique n\u2019est propos\u00e9.<\/li>\n\n\n\n<li>Aucun \u00e9change de coordonn\u00e9es personnelles.<\/li>\n<\/ol>\n\n\n\n<p>Disponible chaque soir de 18h \u00e0 02h.<\/p>\n\n\n\n<p class=\"has-text-align-left\"><strong>\ud83d\udcde 0895 08 51 96<\/strong><\/p>\n","protected":false},"excerpt":{"rendered":"<p>Comment fonctionne la ligne confidentielle ? Disponible chaque soir de 18h \u00e0 02h. \ud83d\udcde 0895 08 51 96<\/p>\n","protected":false},"author":1,"featured_media":13,"parent":0,"menu_order":2,"comment_status":"closed","ping_status":"closed","template":"","meta":{"footnotes":""},"class_list":["post-31","page","type-page","status-publish","has-post-thumbnail","hentry"],"_links":{"self":[{"href":"https:\/\/auralia-services.fr\/index.php\/wp-json\/wp\/v2\/pages\/31","targetHints":{"allow":["GET"]}}],"collection":[{"href":"https:\/\/auralia-services.fr\/index.php\/wp-json\/wp\/v2\/pages"}],"about":[{"href":"https:\/\/auralia-services.fr\/index.php\/wp-json\/wp\/v2\/types\/page"}],"author":[{"embeddable":true,"href":"https:\/\/auralia-services.fr\/index.php\/wp-json\/wp\/v2\/users\/1"}],"replies":[{"embeddable":true,"href":"https:\/\/auralia-services.fr\/index.php\/wp-json\/wp\/v2\/comments?post=31"}],"version-history":[{"count":2,"href":"https:\/\/auralia-services.fr\/index.php\/wp-json\/wp\/v2\/pages\/31\/revisions"}],"predecessor-version":[{"id":43,"href":"https:\/\/auralia-services.fr\/index.php\/wp-json\/wp\/v2\/pages\/31\/revisions\/43"}],"wp:featuredmedia":[{"embeddable":true,"href":"https:\/\/auralia-services.fr\/index.php\/wp-json\/wp\/v2\/media\/13"}],"wp:attachment":[{"href":"https:\/\/auralia-services.fr\/index.php\/wp-json\/wp\/v2\/media?parent=31"}],"curies":[{"name":"wp","href":"https:\/\/api.w.org\/{rel}","templated":true}]}}